git of 21435?
4
What is the tens digit of 18641?
4
What is the hundreds digit of 23019?
0
What is the hundreds digit of 5875?
8
What is the tens digit of 541?
4
What is the tens digit of 1215?
1
What is the thousands digit of 26355?
6
What is the thousands digit of 7915?
7
What is the thousands digit of 1221?
1
What is the units digit of 2584?
4
What is the units digit of 2900?
0
What is the units digit of 9947?
7
What is the ten thousands digit of 43839?
4
What is the thousands digit of 16293?
6
What is the thousands digit of 38123?
8
What is the hundreds digit of 13578?
5
What is the thousands digit of 16613?
6
What is the tens digit of 4230?
3
What is the ten thousands digit of 67080?
6
What is the hundreds digit of 8824?
8
What is the tens digit of 306?
0
What is the units digit of 1056?
6
What is the thousands digit of 10408?
0
What is the thousands digit of 4046?
4
What is the tens digit of 815?
1
What is the hundreds digit of 881?
8
What is the hundreds digit of 4182?
1
What is the hundreds digit of 5557?
5
What is the hundreds digit of 3206?
2
What is the ten thousands digit of 24870?
2
What is the ten thousands digit of 15356?
1
What is the thousands digit of 1067?
1
What is the hundreds digit of 1279?
2
What is the hundreds digit of 4971?
9
What is the thousands digit of 7355?
7
What is the ten thousands digit of 60197?
6
What is the units digit of 1821?
1
What is the tens digit of 27862?
6
What is the hundreds digit of 17350?
3
What is the tens digit of 5840?
4
What is the thousands digit of 1325?
1
What is the hundreds digit of 4522?
5
What is the hundreds digit of 695?
6
What is the hundred thousands digit of 141767?
1
What is the hundreds digit of 53343?
3
What is the tens digit of 59?
5
What is the units digit of 362?
2
What is the hundreds digit of 2474?
4
What is the units digit of 3015?
5
What is the thousands digit of 15849?
5
What is the hundreds digit of 1226?
2
What is the thousands digit of 26678?
6
What is the hundreds digit of 738?
7
What is the tens digit of 7283?
8
What is the hundreds digit of 1943?
9
What is the units digit of 5329?
9
What is the thousands digit of 1859?
1
What is the units digit of 2668?
8
What is the thousands digit of 3258?
3
What is the units digit of 37653?
3
What is the tens digit of 487?
8
What is the hundreds digit of 247?
2
What is the hundreds digit of 3528?
5
What is the ten thousands digit of 12499?
1
What is the hundreds digit of 1783?
7
What is the units digit of 93104?
4
What is the hundreds digit of 4386?
3
What is the tens digit of 3047?
4
What is the units digit of 7106?
6
What is the tens digit of 1571?
7
What is the hundreds digit of 3925?
9
What is the units digit of 6811?
1
What is the units digit of 20910?
0
What is the units digit of 486?
6
What is the tens digit of 69125?
2
What is the units digit of 964?
4
What is the hundreds digit of 2945?
9
What is the tens digit of 8117?
1
What is the tens digit of 15619?
1
What is the units digit of 9728?
8
What is the units digit of 91294?
4
What is the hundreds digit of 167?
1
What is the thousands digit of 1774?
1
What is the units digit of 63066?
6
What is the units digit of 9349?
9
What is the hundreds digit of 3800?
8
What is the units digit of 2015?
5
What is the thousands digit of 32960?
2
What is the units digit of 1338?
8
What is the units digit of 4560?
0
What is the tens digit of 73384?
8
What is the ten thousands digit of 29262?
2
What is the hundreds digit of 1490?
4
What is the ten thousands digit of 14463?
1
What is the hundreds digit of 26211?
2
What is the hundreds digit of 786?
7
What is the units digit of 741?
1
What is the units digit of 1226?
6
What is the thousands digit of 1269?
1
What is the units digit of 5882?
2
What is the hundreds digit of 12543?
5
What is the hundred thousands digit of 118105?
1
What is the thousands digit of 1111?
1
What is the tens digit of 10989?
8
What is the units digit of 45167?
7
What is the hundreds digit of 8722?
7
What is the hundreds digit of 4052?
0
What is the tens digit of 533?
3
What is the tens digit of 18339?
3
What is the tens digit of 1068?
6
What is the tens digit of 673?
7
What is the ten thousands digit of 14094?
1
What is the hundreds digit of 11285?
2
What is the hundreds digit of 3064?
0
What is the thousands digit of 13030?
3
What is the tens digit of 131?
3
What is the units digit of 37521?
1
What is the hundreds digit of 732?
7
What is the tens digit of 1270?
7
What is the units digit of 393?
3
What is the hundreds digit of 8047?
0
What is the units digit of 4194?
4
What is the tens digit of 2111?
1
What is the units digit of 3489?
9
What is the units digit of 17943?
3
What is the ten thousands digit of 74794?
7
What is the units digit of 21145?
5
What is the thousands digit of 1157?
1
What is the tens digit of 437?
3
What is the thousands digit of 4801?
4
What is the hundreds digit of 24219?
2
What is the thousands digit of 62592?
2
What is the units digit of 1606?
6
What is the tens digit of 74649?
4
What is the hundreds digit of 1213?
2
What is the tens digit of 14136?
3
What is the tens digit of 4207?
0
What is the hundreds digit of 17794?
7
What is the ten thousands digit of 21136?
2
What is the tens digit of 9337?
3
What is the thousands digit of 1201?
1
What is the hundreds digit of 6791?
7
What is the thousands digit of 2072?
2
What is the thousands digit of 5578?
5
What is the hundreds digit of 1150?
1
What is the hundreds digit of 2165?
1
What is the units digit of 923?
3
What is the ten thousands digit of 11388?
1
What is the hundred thousands digit of 141241?
1
What is the units digit of 5742?
2
What is the thousands digit of 50157?
0
What is the hundreds digit of 1195?
1
What is the hundreds digit of 19737?
7
What is the hundreds digit of 1985?
9
What is the thousands digit of 4408?
4
What is the units digit of 2076?
6
What is the tens digit of 11395?
9
What is the thousands digit of 8471?
8
What is the hundreds digit of 8081?
0
What is the tens digit of 56525?
2
What is the thousands digit of 3418?
3
What is the tens digit of 4362?
6
What is the hundreds digit of 512?
5
What is the units digit of 5359?
9
What is the hundreds digit of 2931?
9
What is the thousands digit of 1153?
1
What is the ten thousands digit of 26914?
2
What is the units digit of 345?
5
What is the tens digit of 122662?
6
What is the tens digit of 22297?
9
What is the thousands digit of 29884?
9
What is the tens digit of 25529?
2
What is the tens digit of 629?
2
What is the units digit of 10632?
2
What is the units digit of 4845?
5
What is the units digit of 621?
1
What is the hundreds digit of 104?
1
What is the tens digit of 986?
8
What is the ten thousands digit of 33498?
3
What is the units digit of 56?
6
What is the thousands digit of 1007?
1
What is the thousands digit of 1003?
1
What is the thousands digit of 2517?
2
What is the tens digit of 1904?
0
What is the thousands digit of 3848?
3
What is the tens digit of 4242?
4
What is the tens digit of 790?
9
What is the hundreds digit of 1422?
4
What is the thousands digit of 32363?
2
What is the thousands digit of 6849?
6
What is the tens digit of 27763?
6
What is the ten thousands digit of 90351?
9
What is the hundreds digit of 361?
3
What is the thousands digit of 9729?
9
What is the units digit of 2980?
0
What is the tens digit of 30521?
2
What is the hundreds digit of 39485?
4
What is the tens digit of 1082?
8
What is the units digit of 190?
0
What is the thousands digit of 25210?
5
What is the hundreds digit of 7407?
4
What is the units digit of 6235?
5
What is the tens digit of 1016?
1
What is the units digit of 230?
0
What is the units digit of 5644?
4
What is the units digit of 39305?
5
What is the ten thousands digit of 97052?
9
What is the tens digit of 6106?
0
What is the tens digit of 477?
7
What is the units digit of 593?
3
What is the thousands digit of 8744?
8
What is the ten thousands digit of 23676?
2
What is the hundreds digit of 12337?
3
What is the tens digit of 1524?
2
What is the tens digit of 4518?
1
What is the thousands digit of 3448?
3
What is the units digit of 7644?
4
What is the units digit of 4052?
2
What is the tens digit of 400?
0
What is the tens digit of 20495?
9
What is the units digi